{"id":718,"date":"2026-04-23T10:26:51","date_gmt":"2026-04-23T13:26:51","guid":{"rendered":"https:\/\/www.icex.ufmg.br\/cenex\/?page_id=718"},"modified":"2026-04-23T10:34:08","modified_gmt":"2026-04-23T13:34:08","slug":"editais-2","status":"publish","type":"page","link":"https:\/\/www.icex.ufmg.br\/cenex\/editais-2\/","title":{"rendered":"Editais"},"content":{"rendered":"\n<p><\/p>\n\n\n\n<p class=\"has-black-color has-text-color has-link-color wp-elements-fa76d634c889e6d4e837441ce9e04197\"><a href=\"https:\/\/www.ufmg.br\/proex\/wp-content\/uploads\/2026\/03\/EDITAL_PROEX_08_2026_PAIE.pdf\" target=\"_blank\" rel=\"noreferrer noopener\"><mark style=\"background-color:rgba(0, 0, 0, 0)\" class=\"has-inline-color has-ast-global-color-0-color\">Edital 08\/2026<\/mark><\/a> do Programa de Apoio Integrado a Eventos (PAIE).<br>Inscri\u00e7\u00e3o de propostas: 06 a 30 de abril de 2026.<br><a href=\"https:\/\/www.ufmg.br\/proex\/paie\/\"><mark style=\"background-color:rgba(0, 0, 0, 0)\" class=\"has-inline-color has-ast-global-color-0-color\">Saiba mais<\/mark><\/a><\/p>\n\n\n\n<p class=\"has-black-color has-text-color has-link-color wp-elements-9b03c893e21d18a3bd49edfe07e6b648\"><a href=\"https:\/\/www.ufmg.br\/proex\/wp-content\/uploads\/2026\/03\/EDITAL_PROEX_05_2026_PRODUTOS.pdf\" target=\"_blank\" rel=\"noreferrer noopener\"><mark style=\"background-color:rgba(0, 0, 0, 0)\" class=\"has-inline-color has-ast-global-color-0-color\">Edital 05\/2026<\/mark><\/a> para apoio financeiro a produtos destinados \u00e0 educa\u00e7\u00e3o b\u00e1sica e profissional p\u00fablica e \u00e0s \u00e1reas de direitos humanos e meio ambiente.<br>Inscri\u00e7\u00e3o de propostas: 06 a 30 de abril de 2026, at\u00e9 \u00e0s 17h.<br><a href=\"https:\/\/www.ufmg.br\/proex\/produtos\/\"><mark style=\"background-color:rgba(0, 0, 0, 0)\" class=\"has-inline-color has-ast-global-color-0-color\">Saiba mais<\/mark><\/a><\/p>\n\n\n\n<p><\/p>\n","protected":false},"excerpt":{"rendered":"<p>Edital 08\/2026 do Programa de Apoio Integrado a Eventos (PAIE).Inscri\u00e7\u00e3o de propostas: 06 a 30 de abril de 2026.Saiba mais [&hellip;]<\/p>\n","protected":false},"author":5,"featured_media":0,"parent":0,"menu_order":0,"comment_status":"closed","ping_status":"closed","template":"","meta":{"site-sidebar-layout":"default","site-content-layout":"","ast-site-content-layout":"default","site-content-style":"default","site-sidebar-style":"default","ast-global-header-display":"","ast-banner-title-visibility":"","ast-main-header-display":"","ast-hfb-above-header-display":"","ast-hfb-below-header-display":"","ast-hfb-mobile-header-display":"","site-post-title":"","ast-breadcrumbs-content":"","ast-featured-img":"","footer-sml-layout":"","ast-disable-related-posts":"","theme-transparent-header-meta":"","adv-header-id-meta":"","stick-header-meta":"","header-above-stick-meta":"","header-main-stick-meta":"","header-below-stick-meta":"","astra-migrate-meta-layouts":"default","ast-page-background-enabled":"default","ast-page-background-meta":{"desktop":{"background-color":"var(--ast-global-color-4)","background-image":"","background-repeat":"repeat","background-position":"center center","background-size":"auto","background-attachment":"scroll","background-type":"","background-media":"","overlay-type":"","overlay-color":"","overlay-opacity":"","overlay-gradient":""},"tablet":{"background-color":"","background-image":"","background-repeat":"repeat","background-position":"center center","background-size":"auto","background-attachment":"scroll","background-type":"","background-media":"","overlay-type":"","overlay-color":"","overlay-opacity":"","overlay-gradient":""},"mobile":{"background-color":"","background-image":"","background-repeat":"repeat","background-position":"center center","background-size":"auto","background-attachment":"scroll","background-type":"","background-media":"","overlay-type":"","overlay-color":"","overlay-opacity":"","overlay-gradient":""}},"ast-content-background-meta":{"desktop":{"background-color":"var(--ast-global-color-5)","background-image":"","background-repeat":"repeat","background-position":"center center","background-size":"auto","background-attachment":"scroll","background-type":"","background-media":"","overlay-type":"","overlay-color":"","overlay-opacity":"","overlay-gradient":""},"tablet":{"background-color":"var(--ast-global-color-5)","background-image":"","background-repeat":"repeat","background-position":"center center","background-size":"auto","background-attachment":"scroll","background-type":"","background-media":"","overlay-type":"","overlay-color":"","overlay-opacity":"","overlay-gradient":""},"mobile":{"background-color":"var(--ast-global-color-5)","background-image":"","background-repeat":"repeat","background-position":"center center","background-size":"auto","background-attachment":"scroll","background-type":"","background-media":"","overlay-type":"","overlay-color":"","overlay-opacity":"","overlay-gradient":""}},"footnotes":""},"class_list":["post-718","page","type-page","status-publish","hentry"],"rttpg_featured_image_url":null,"rttpg_author":{"display_name":"Bruna Thais Dam\u00e1sio","author_link":"https:\/\/www.icex.ufmg.br\/cenex\/author\/brunadamasio\/"},"rttpg_comment":0,"rttpg_category":null,"rttpg_excerpt":"Edital 08\/2026 do Programa de Apoio Integrado a Eventos (PAIE).Inscri\u00e7\u00e3o de propostas: 06 a 30 de abril de 2026.Saiba mais [&hellip;]","_links":{"self":[{"href":"https:\/\/www.icex.ufmg.br\/cenex\/wp-json\/wp\/v2\/pages\/718","targetHints":{"allow":["GET"]}}],"collection":[{"href":"https:\/\/www.icex.ufmg.br\/cenex\/wp-json\/wp\/v2\/pages"}],"about":[{"href":"https:\/\/www.icex.ufmg.br\/cenex\/wp-json\/wp\/v2\/types\/page"}],"author":[{"embeddable":true,"href":"https:\/\/www.icex.ufmg.br\/cenex\/wp-json\/wp\/v2\/users\/5"}],"replies":[{"embeddable":true,"href":"https:\/\/www.icex.ufmg.br\/cenex\/wp-json\/wp\/v2\/comments?post=718"}],"version-history":[{"count":4,"href":"https:\/\/www.icex.ufmg.br\/cenex\/wp-json\/wp\/v2\/pages\/718\/revisions"}],"predecessor-version":[{"id":725,"href":"https:\/\/www.icex.ufmg.br\/cenex\/wp-json\/wp\/v2\/pages\/718\/revisions\/725"}],"wp:attachment":[{"href":"https:\/\/www.icex.ufmg.br\/cenex\/wp-json\/wp\/v2\/media?parent=718"}],"curies":[{"name":"wp","href":"https:\/\/api.w.org\/{rel}","templated":true}]}}

<p></p>



<p class="has-black-color has-text-color has-link-color wp-elements-fa76d634c889e6d4e837441ce9e04197"><a href="https://www.ufmg.br/proex/wp-content/uploads/2026/03/EDITAL_PROEX_08_2026_PAIE.pdf" target="_blank" rel="noreferrer noopener"><mark style="background-color:rgba(0, 0, 0, 0)" class="has-inline-color has-ast-global-color-0-color">Edital 08/2026</mark></a> do Programa de Apoio Integrado a Eventos (PAIE).<br>Inscrição de propostas: 06 a 30 de abril de 2026.<br><a href="https://www.ufmg.br/proex/paie/"><mark style="background-color:rgba(0, 0, 0, 0)" class="has-inline-color has-ast-global-color-0-color">Saiba mais</mark></a></p>



<p class="has-black-color has-text-color has-link-color wp-elements-9b03c893e21d18a3bd49edfe07e6b648"><a href="https://www.ufmg.br/proex/wp-content/uploads/2026/03/EDITAL_PROEX_05_2026_PRODUTOS.pdf" target="_blank" rel="noreferrer noopener"><mark style="background-color:rgba(0, 0, 0, 0)" class="has-inline-color has-ast-global-color-0-color">Edital 05/2026</mark></a> para apoio financeiro a produtos destinados à educação básica e profissional pública e às áreas de direitos humanos e meio ambiente.<br>Inscrição de propostas: 06 a 30 de abril de 2026, até às 17h.<br><a href="https://www.ufmg.br/proex/produtos/"><mark style="background-color:rgba(0, 0, 0, 0)" class="has-inline-color has-ast-global-color-0-color">Saiba mais</mark></a></p>



<p></p>

<p>Edital 08/2026 do Programa de Apoio Integrado a Eventos (PAIE).Inscrição de propostas: 06 a 30 de abril de 2026.Saiba mais [&hellip;]</p>

Bruna Thais Damásio

Edital 08/2026 do Programa de Apoio Integrado a Eventos (PAIE).Inscrição de propostas: 06 a 30 de abril de 2026.Saiba mais [&hellip;]
