{"id":281,"date":"2024-07-10T08:15:11","date_gmt":"2024-07-10T11:15:11","guid":{"rendered":"https:\/\/www.icex.ufmg.br\/cenex\/?page_id=281"},"modified":"2026-04-23T10:16:13","modified_gmt":"2026-04-23T13:16:13","slug":"eventos-de-conscientizacao","status":"publish","type":"page","link":"https:\/\/www.icex.ufmg.br\/cenex\/eventos-de-conscientizacao\/","title":{"rendered":"Eventos"},"content":{"rendered":"\n<p class=\"has-ast-global-color-8-color has-text-color has-link-color wp-elements-beb724ebbe239144895a74532ee74e85\"><strong>25\u00aa<\/strong> <strong>Jornada de Extens\u00e3o<br><\/strong>Espa\u00e7o de encontro de extensionistas, trocas, est\u00edmulo a novas iniciativas e aproxima\u00e7\u00e3o de estudantes, professores, coordenadores, t\u00e9cnicos e representantes das comunidades parceiras nas atividades de extens\u00e3o da UFMG.<br><strong>Data<\/strong>: 27 a 29 de abril<br><strong>Onde<\/strong>: campus Pampulha<br><a href=\"https:\/\/www.ufmg.br\/proex\/jornadadeextensaoufmg\/\" data-type=\"link\" data-id=\"https:\/\/www.ufmg.br\/proex\/jornadadeextensaoufmg\/\"><mark style=\"background-color:rgba(0, 0, 0, 0)\" class=\"has-inline-color has-ast-global-color-0-color\">Saiba mais<\/mark><\/a><\/p>\n\n\n\n<p class=\"has-black-color has-text-color has-link-color wp-elements-38416be1a063146de29da8e01ce0631e\"><strong>14\u00aa Semana de Sa\u00fade Mental e Inclus\u00e3o Social<br><\/strong>O objetivo \u00e9 contribuir para o fortalecimento do debate p\u00fablico sobre o tema. A programa\u00e7\u00e3o conta com eventos propostos em parceria com os movimentos sociais, sindicais, conselhos profissionais e coletivos.<br><strong>Data:<\/strong> 18 e 22 de maio<br><strong>Onde<\/strong>: campus Pampulha<br><a href=\"https:\/\/www.ufmg.br\/semanasaudemental\/\" data-type=\"link\" data-id=\"https:\/\/www.ufmg.br\/semanasaudemental\/\"><mark style=\"background-color:rgba(0, 0, 0, 0)\" class=\"has-inline-color has-ast-global-color-0-color\">Saiba mais<\/mark><\/a><\/p>\n\n\n\n<p class=\"has-black-color has-text-color has-link-color wp-elements-eecd4bd55a0fee95764dc05b7dfb66b0\"><strong>Domingo no campus<br><\/strong>A UFMG refor\u00e7a sua dimens\u00e3o p\u00fablica e promove, anualmente, em seus <em>campi, <\/em>atividades recreativas, culturais, de lazer e esportivas gratuitas e abertas \u00e0 popula\u00e7\u00e3o.<br><strong>Data\/onde<\/strong>: 14 de junho (Campus Pampulha e Montes Claros); 6 de setembro (Campus Pampulha).<br><a href=\"https:\/\/www.ufmg.br\/proex\/domingonocampus\/\"><mark style=\"background-color:rgba(0, 0, 0, 0)\" class=\"has-inline-color has-ast-global-color-0-color\">Saiba mais<\/mark><\/a><\/p>\n\n\n\n<p class=\"has-black-color has-text-color has-link-color wp-elements-a7d16e6227cc69c8dc36d0a0d24dae8c\"><strong>27\u00aa UFMG Jovem<br><\/strong>A feira da educa\u00e7\u00e3o b\u00e1sica da UFMG promove o interc\u00e2mbio e a troca de experi\u00eancias entre a comunidade universit\u00e1ria e os professores e estudantes das escolas das redes p\u00fablica e privada da educa\u00e7\u00e3o infantil, ensino fundamental e ensino m\u00e9dio.<br><strong>Data<\/strong>: 1 e 2 de outubro<br><strong>Onde<\/strong>: campus Pampulha<br><a href=\"https:\/\/www.ufmg.br\/ufmgjovem\/\"><mark style=\"background-color:rgba(0, 0, 0, 0)\" class=\"has-inline-color has-ast-global-color-0-color\">Saiba mais<\/mark><\/a><\/p>\n\n\n\n<p class=\"has-black-color has-text-color has-link-color wp-elements-fac22684c7cff452f6d65523e5f4fbf8\"><strong>29\u00ba Encontro de Extens\u00e3o (Semana do Conhecimento)<br><\/strong>O evento divulga as atividades de extens\u00e3o desenvolvidas na UFMG e proporciona a troca de saberes e conhecimentos entre os estudantes bolsistas e volunt\u00e1rios, que apresentam seus trabalhos e experi\u00eancias de relev\u00e2ncia acad\u00eamica e social e concorrem \u00e0s principais distin\u00e7\u00f5es da Universidade.<br><strong>Data<\/strong>: 21 de outubro<br><strong>Onde<\/strong>: campus Pampulha<br><a href=\"https:\/\/www.ufmg.br\/semanadoconhecimento\/\" data-type=\"link\" data-id=\"https:\/\/www.ufmg.br\/semanadoconhecimento\/\"><mark style=\"background-color:rgba(0, 0, 0, 0)\" class=\"has-inline-color has-ast-global-color-0-color\">Saiba mais<\/mark><\/a><\/p>\n\n\n\n<p class=\"has-black-color has-text-color has-link-color wp-elements-84a01f3737067b509ae8e2f3ce317464\"><strong>7\u00aa Jornada de Direitos Humanos<br><\/strong>O objetivo \u00e9 fortalecer a articula\u00e7\u00e3o das a\u00e7\u00f5es da Universidade em di\u00e1logo com outros setores da sociedade, visando \u00e0 promo\u00e7\u00e3o e defesa dos direitos humanos como constru\u00e7\u00e3o coletiva. A programa\u00e7\u00e3o prev\u00ea palestras, rodas de conversa, confer\u00eancias, atividades art\u00edsticas e culturais e muito mais.<br><strong>Data<\/strong>: 25 de novembro<br><strong>Onde<\/strong>: campus Pampulha<br><a href=\"https:\/\/www.ufmg.br\/proex\/jornadadh\/\"><mark style=\"background-color:rgba(0, 0, 0, 0)\" class=\"has-inline-color has-ast-global-color-0-color\">Saiba mais<\/mark><\/a><\/p>\n","protected":false},"excerpt":{"rendered":"<p>25\u00aa Jornada de Extens\u00e3oEspa\u00e7o de encontro de extensionistas, trocas, est\u00edmulo a novas iniciativas e aproxima\u00e7\u00e3o de estudantes, professores, coordenadores, t\u00e9cnicos [&hellip;]<\/p>\n","protected":false},"author":1,"featured_media":0,"parent":0,"menu_order":0,"comment_status":"closed","ping_status":"closed","template":"","meta":{"site-sidebar-layout":"default","site-content-layout":"","ast-site-content-layout":"default","site-content-style":"default","site-sidebar-style":"default","ast-global-header-display":"","ast-banner-title-visibility":"","ast-main-header-display":"","ast-hfb-above-header-display":"","ast-hfb-below-header-display":"","ast-hfb-mobile-header-display":"","site-post-title":"","ast-breadcrumbs-content":"","ast-featured-img":"","footer-sml-layout":"","ast-disable-related-posts":"","theme-transparent-header-meta":"","adv-header-id-meta":"","stick-header-meta":"","header-above-stick-meta":"","header-main-stick-meta":"","header-below-stick-meta":"","astra-migrate-meta-layouts":"default","ast-page-background-enabled":"default","ast-page-background-meta":{"desktop":{"background-color":"var(--ast-global-color-4)","background-image":"","background-repeat":"repeat","background-position":"center center","background-size":"auto","background-attachment":"scroll","background-type":"","background-media":"","overlay-type":"","overlay-color":"","overlay-opacity":"","overlay-gradient":""},"tablet":{"background-color":"","background-image":"","background-repeat":"repeat","background-position":"center center","background-size":"auto","background-attachment":"scroll","background-type":"","background-media":"","overlay-type":"","overlay-color":"","overlay-opacity":"","overlay-gradient":""},"mobile":{"background-color":"","background-image":"","background-repeat":"repeat","background-position":"center center","background-size":"auto","background-attachment":"scroll","background-type":"","background-media":"","overlay-type":"","overlay-color":"","overlay-opacity":"","overlay-gradient":""}},"ast-content-background-meta":{"desktop":{"background-color":"var(--ast-global-color-5)","background-image":"","background-repeat":"repeat","background-position":"center center","background-size":"auto","background-attachment":"scroll","background-type":"","background-media":"","overlay-type":"","overlay-color":"","overlay-opacity":"","overlay-gradient":""},"tablet":{"background-color":"var(--ast-global-color-5)","background-image":"","background-repeat":"repeat","background-position":"center center","background-size":"auto","background-attachment":"scroll","background-type":"","background-media":"","overlay-type":"","overlay-color":"","overlay-opacity":"","overlay-gradient":""},"mobile":{"background-color":"var(--ast-global-color-5)","background-image":"","background-repeat":"repeat","background-position":"center center","background-size":"auto","background-attachment":"scroll","background-type":"","background-media":"","overlay-type":"","overlay-color":"","overlay-opacity":"","overlay-gradient":""}},"footnotes":""},"class_list":["post-281","page","type-page","status-publish","hentry"],"rttpg_featured_image_url":null,"rttpg_author":{"display_name":"lperacio","author_link":"https:\/\/www.icex.ufmg.br\/cenex\/author\/lperacio\/"},"rttpg_comment":0,"rttpg_category":null,"rttpg_excerpt":"25\u00aa Jornada de Extens\u00e3oEspa\u00e7o de encontro de extensionistas, trocas, est\u00edmulo a novas iniciativas e aproxima\u00e7\u00e3o de estudantes, professores, coordenadores, t\u00e9cnicos [&hellip;]","_links":{"self":[{"href":"https:\/\/www.icex.ufmg.br\/cenex\/wp-json\/wp\/v2\/pages\/281","targetHints":{"allow":["GET"]}}],"collection":[{"href":"https:\/\/www.icex.ufmg.br\/cenex\/wp-json\/wp\/v2\/pages"}],"about":[{"href":"https:\/\/www.icex.ufmg.br\/cenex\/wp-json\/wp\/v2\/types\/page"}],"author":[{"embeddable":true,"href":"https:\/\/www.icex.ufmg.br\/cenex\/wp-json\/wp\/v2\/users\/1"}],"replies":[{"embeddable":true,"href":"https:\/\/www.icex.ufmg.br\/cenex\/wp-json\/wp\/v2\/comments?post=281"}],"version-history":[{"count":4,"href":"https:\/\/www.icex.ufmg.br\/cenex\/wp-json\/wp\/v2\/pages\/281\/revisions"}],"predecessor-version":[{"id":715,"href":"https:\/\/www.icex.ufmg.br\/cenex\/wp-json\/wp\/v2\/pages\/281\/revisions\/715"}],"wp:attachment":[{"href":"https:\/\/www.icex.ufmg.br\/cenex\/wp-json\/wp\/v2\/media?parent=281"}],"curies":[{"name":"wp","href":"https:\/\/api.w.org\/{rel}","templated":true}]}}

<p class="has-ast-global-color-8-color has-text-color has-link-color wp-elements-beb724ebbe239144895a74532ee74e85"><strong>25ª</strong> <strong>Jornada de Extensão<br></strong>Espaço de encontro de extensionistas, trocas, estímulo a novas iniciativas e aproximação de estudantes, professores, coordenadores, técnicos e representantes das comunidades parceiras nas atividades de extensão da UFMG.<br><strong>Data</strong>: 27 a 29 de abril<br><strong>Onde</strong>: campus Pampulha<br><a href="https://www.ufmg.br/proex/jornadadeextensaoufmg/" data-type="link" data-id="https://www.ufmg.br/proex/jornadadeextensaoufmg/"><mark style="background-color:rgba(0, 0, 0, 0)" class="has-inline-color has-ast-global-color-0-color">Saiba mais</mark></a></p>



<p class="has-black-color has-text-color has-link-color wp-elements-38416be1a063146de29da8e01ce0631e"><strong>14ª Semana de Saúde Mental e Inclusão Social<br></strong>O objetivo é contribuir para o fortalecimento do debate público sobre o tema. A programação conta com eventos propostos em parceria com os movimentos sociais, sindicais, conselhos profissionais e coletivos.<br><strong>Data:</strong> 18 e 22 de maio<br><strong>Onde</strong>: campus Pampulha<br><a href="https://www.ufmg.br/semanasaudemental/" data-type="link" data-id="https://www.ufmg.br/semanasaudemental/"><mark style="background-color:rgba(0, 0, 0, 0)" class="has-inline-color has-ast-global-color-0-color">Saiba mais</mark></a></p>



<p class="has-black-color has-text-color has-link-color wp-elements-eecd4bd55a0fee95764dc05b7dfb66b0"><strong>Domingo no campus<br></strong>A UFMG reforça sua dimensão pública e promove, anualmente, em seus <em>campi, </em>atividades recreativas, culturais, de lazer e esportivas gratuitas e abertas à população.<br><strong>Data/onde</strong>: 14 de junho (Campus Pampulha e Montes Claros); 6 de setembro (Campus Pampulha).<br><a href="https://www.ufmg.br/proex/domingonocampus/"><mark style="background-color:rgba(0, 0, 0, 0)" class="has-inline-color has-ast-global-color-0-color">Saiba mais</mark></a></p>



<p class="has-black-color has-text-color has-link-color wp-elements-a7d16e6227cc69c8dc36d0a0d24dae8c"><strong>27ª UFMG Jovem<br></strong>A feira da educação básica da UFMG promove o intercâmbio e a troca de experiências entre a comunidade universitária e os professores e estudantes das escolas das redes pública e privada da educação infantil, ensino fundamental e ensino médio.<br><strong>Data</strong>: 1 e 2 de outubro<br><strong>Onde</strong>: campus Pampulha<br><a href="https://www.ufmg.br/ufmgjovem/"><mark style="background-color:rgba(0, 0, 0, 0)" class="has-inline-color has-ast-global-color-0-color">Saiba mais</mark></a></p>



<p class="has-black-color has-text-color has-link-color wp-elements-fac22684c7cff452f6d65523e5f4fbf8"><strong>29º Encontro de Extensão (Semana do Conhecimento)<br></strong>O evento divulga as atividades de extensão desenvolvidas na UFMG e proporciona a troca de saberes e conhecimentos entre os estudantes bolsistas e voluntários, que apresentam seus trabalhos e experiências de relevância acadêmica e social e concorrem às principais distinções da Universidade.<br><strong>Data</strong>: 21 de outubro<br><strong>Onde</strong>: campus Pampulha<br><a href="https://www.ufmg.br/semanadoconhecimento/" data-type="link" data-id="https://www.ufmg.br/semanadoconhecimento/"><mark style="background-color:rgba(0, 0, 0, 0)" class="has-inline-color has-ast-global-color-0-color">Saiba mais</mark></a></p>



<p class="has-black-color has-text-color has-link-color wp-elements-84a01f3737067b509ae8e2f3ce317464"><strong>7ª Jornada de Direitos Humanos<br></strong>O objetivo é fortalecer a articulação das ações da Universidade em diálogo com outros setores da sociedade, visando à promoção e defesa dos direitos humanos como construção coletiva. A programação prevê palestras, rodas de conversa, conferências, atividades artísticas e culturais e muito mais.<br><strong>Data</strong>: 25 de novembro<br><strong>Onde</strong>: campus Pampulha<br><a href="https://www.ufmg.br/proex/jornadadh/"><mark style="background-color:rgba(0, 0, 0, 0)" class="has-inline-color has-ast-global-color-0-color">Saiba mais</mark></a></p>

<p>25ª Jornada de ExtensãoEspaço de encontro de extensionistas, trocas, estímulo a novas iniciativas e aproximação de estudantes, professores, coordenadores, técnicos [&hellip;]</p>

25ª Jornada de ExtensãoEspaço de encontro de extensionistas, trocas, estímulo a novas iniciativas e aproximação de estudantes, professores, coordenadores, técnicos [&hellip;]
