{"id":146,"date":"2024-07-05T09:58:11","date_gmt":"2024-07-05T12:58:11","guid":{"rendered":"https:\/\/www.icex.ufmg.br\/cenex\/?page_id=146"},"modified":"2026-04-16T10:41:18","modified_gmt":"2026-04-16T13:41:18","slug":"o-cenex","status":"publish","type":"page","link":"https:\/\/www.icex.ufmg.br\/cenex\/o-cenex\/","title":{"rendered":"O Cenex"},"content":{"rendered":"\n<p class=\"has-ast-global-color-8-color has-text-color has-link-color wp-elements-aa841e0c066455737fbfb2018df262c6\">O Centro de Extens\u00e3o do Instituto de Ci\u00eancias Exatas (CENEX-ICEx) \u00e9 um \u00f3rg\u00e3o colegiado de gest\u00e3o acad\u00eamica e administrativa das atividades de extens\u00e3o. Vinculado \u00e0 Diretoria do Instituto, o \u00f3rg\u00e3o atua como um elemento articulador entre o ICEx e a Pr\u00f3-Reitoria de Extens\u00e3o da UFMG (<a href=\"https:\/\/www.ufmg.br\/proex\/\" target=\"_blank\" rel=\"noreferrer noopener\">PROEX<\/a>).<br><br>A Extens\u00e3o Universit\u00e1ria, sob o princ\u00edpio constitucional de indissociabilidade entre ensino, pesquisa e extens\u00e3o, \u00e9 um processo interdisciplinar educativo, cultural, cient\u00edfico e pol\u00edtico que promove a intera\u00e7\u00e3o transformadora entre a universidade e a sociedade.&nbsp; As atividades de extens\u00e3o podem ser realizadas sob a forma de programas, projetos, cursos, eventos ou presta\u00e7\u00e3o de servi\u00e7os.<br><br>As atividades de extens\u00e3o do instituto est\u00e3o registradas no Sistema de Informa\u00e7\u00e3o de Extens\u00e3o (<a href=\"https:\/\/sistemas.ufmg.br\/siex\/PrincipalVisitante.do\" target=\"_blank\" rel=\"noreferrer noopener\">SIEX<\/a>). Atualmente, todos os departamentos do ICEx est\u00e3o envolvidos em atividades extensionistas. A participa\u00e7\u00e3o crescente da comunidade do ICEx vem indicando um caminho promissor para a extens\u00e3o dentro do Instituto, que \u00e9 apoiada tamb\u00e9m atrav\u00e9s de editais da&nbsp;<a href=\"https:\/\/www.ufmg.br\/proex\/\" target=\"_blank\" rel=\"noreferrer noopener\">PROEX&nbsp;<\/a>(PBEXT&nbsp; e PAIE, por exemplo) e de outros \u00f3rg\u00e3os de fomento como a&nbsp;<a href=\"http:\/\/www.fapemig.br\/pt\/\" target=\"_blank\" rel=\"noreferrer noopener\">FAPEMIG&nbsp;<\/a>e o&nbsp;<a href=\"https:\/\/www.gov.br\/cnpq\/pt-br\" target=\"_blank\" rel=\"noreferrer noopener\">CNPq<\/a>.&nbsp;<\/p>\n\n\n\n<p class=\"has-ast-global-color-8-color has-text-color has-link-color wp-elements-00f9c25c815a9dbf95203f5488688560\"><strong>Coordena\u00e7\u00e3o:<\/strong><\/p>\n\n\n\n<ul class=\"wp-block-list has-ast-global-color-8-color has-text-color has-link-color wp-elements-1b8b0e66cc5cfef397b794ad8f4dd41b\">\n<li>Prof. Ad\u00e3o Aparecido Sabino \u2013 Coordenador<\/li>\n\n\n\n<li>Prof. Aniura Milan\u00e9s Barrientos \u2013&nbsp;Subcoordenadora<\/li>\n<\/ul>\n\n\n\n<p class=\"has-ast-global-color-8-color has-text-color has-link-color wp-elements-a73426af1e05d68f80caa9ac281a7bf5\"><strong>Funcion\u00e1rio(s):<\/strong><\/p>\n\n\n\n<ul class=\"wp-block-list has-ast-global-color-8-color has-text-color has-link-color wp-elements-14f6a64a48585c86d2826a33f57c14ae\">\n<li>Denise Gon\u00e7alves de Castro \u2013 Secret\u00e1ria<\/li>\n<\/ul>\n\n\n\n<p class=\"has-ast-global-color-8-color has-text-color has-link-color wp-elements-e2bee84f8fa17c4c241a0d6d8d2b1f19\"><strong>Bolsista Proex:<\/strong><\/p>\n\n\n\n<ul class=\"wp-block-list has-ast-global-color-8-color has-text-color has-link-color wp-elements-934990146c26ceb672b50966fd0db9ab\">\n<li>Bruna Thais Dam\u00e1sio<\/li>\n<\/ul>\n\n\n\n<p class=\"has-ast-global-color-8-color has-text-color has-link-color wp-elements-032d7b59422d4e870a2895aa44fa1b25\"><strong>Contato:<\/strong><\/p>\n\n\n\n<ul class=\"wp-block-list has-ast-global-color-8-color has-text-color has-link-color wp-elements-b9686b490d6edb2db99a9f7f1bb03e13\">\n<li>Email:&nbsp;<a href=\"mailto:cenex@icex.ufmg.br\">cenex@icex.ufmg.br<\/a><\/li>\n<\/ul>\n\n\n\n<p class=\"has-ast-global-color-8-color has-text-color has-link-color wp-elements-552df5c7a194373aaaa1d04a12fe9fdf\"><strong>Sala:&nbsp;<\/strong>2001<\/p>\n\n\n\n<p class=\"has-ast-global-color-8-color has-text-color has-link-color wp-elements-d70e9d593665029ee8d5e57bdfd1d8d0\"><strong>Hor\u00e1rio:<\/strong> 14h \u00e0s 22h.<\/p>\n\n\n\n<p class=\"has-black-color has-text-color has-link-color wp-elements-b7dba84d2f0fad74e0ff7c09d4b0143b\"><strong>Ramal:<\/strong> 4984<\/p>\n\n\n\n<p><\/p>\n","protected":false},"excerpt":{"rendered":"<p>O Centro de Extens\u00e3o do Instituto de Ci\u00eancias Exatas (CENEX-ICEx) \u00e9 um \u00f3rg\u00e3o colegiado de gest\u00e3o acad\u00eamica e administrativa das [&hellip;]<\/p>\n","protected":false},"author":1,"featured_media":0,"parent":0,"menu_order":0,"comment_status":"closed","ping_status":"closed","template":"","meta":{"site-sidebar-layout":"default","site-content-layout":"","ast-site-content-layout":"default","site-content-style":"default","site-sidebar-style":"default","ast-global-header-display":"","ast-banner-title-visibility":"","ast-main-header-display":"","ast-hfb-above-header-display":"","ast-hfb-below-header-display":"","ast-hfb-mobile-header-display":"","site-post-title":"","ast-breadcrumbs-content":"","ast-featured-img":"","footer-sml-layout":"","ast-disable-related-posts":"","theme-transparent-header-meta":"","adv-header-id-meta":"","stick-header-meta":"","header-above-stick-meta":"","header-main-stick-meta":"","header-below-stick-meta":"","astra-migrate-meta-layouts":"default","ast-page-background-enabled":"default","ast-page-background-meta":{"desktop":{"background-color":"var(--ast-global-color-4)","background-image":"","background-repeat":"repeat","background-position":"center center","background-size":"auto","background-attachment":"scroll","background-type":"","background-media":"","overlay-type":"","overlay-color":"","overlay-opacity":"","overlay-gradient":""},"tablet":{"background-color":"","background-image":"","background-repeat":"repeat","background-position":"center center","background-size":"auto","background-attachment":"scroll","background-type":"","background-media":"","overlay-type":"","overlay-color":"","overlay-opacity":"","overlay-gradient":""},"mobile":{"background-color":"","background-image":"","background-repeat":"repeat","background-position":"center center","background-size":"auto","background-attachment":"scroll","background-type":"","background-media":"","overlay-type":"","overlay-color":"","overlay-opacity":"","overlay-gradient":""}},"ast-content-background-meta":{"desktop":{"background-color":"var(--ast-global-color-5)","background-image":"","background-repeat":"repeat","background-position":"center center","background-size":"auto","background-attachment":"scroll","background-type":"","background-media":"","overlay-type":"","overlay-color":"","overlay-opacity":"","overlay-gradient":""},"tablet":{"background-color":"var(--ast-global-color-5)","background-image":"","background-repeat":"repeat","background-position":"center center","background-size":"auto","background-attachment":"scroll","background-type":"","background-media":"","overlay-type":"","overlay-color":"","overlay-opacity":"","overlay-gradient":""},"mobile":{"background-color":"var(--ast-global-color-5)","background-image":"","background-repeat":"repeat","background-position":"center center","background-size":"auto","background-attachment":"scroll","background-type":"","background-media":"","overlay-type":"","overlay-color":"","overlay-opacity":"","overlay-gradient":""}},"footnotes":""},"class_list":["post-146","page","type-page","status-publish","hentry"],"rttpg_featured_image_url":null,"rttpg_author":{"display_name":"lperacio","author_link":"https:\/\/www.icex.ufmg.br\/cenex\/author\/lperacio\/"},"rttpg_comment":0,"rttpg_category":null,"rttpg_excerpt":"O Centro de Extens\u00e3o do Instituto de Ci\u00eancias Exatas (CENEX-ICEx) \u00e9 um \u00f3rg\u00e3o colegiado de gest\u00e3o acad\u00eamica e administrativa das [&hellip;]","_links":{"self":[{"href":"https:\/\/www.icex.ufmg.br\/cenex\/wp-json\/wp\/v2\/pages\/146","targetHints":{"allow":["GET"]}}],"collection":[{"href":"https:\/\/www.icex.ufmg.br\/cenex\/wp-json\/wp\/v2\/pages"}],"about":[{"href":"https:\/\/www.icex.ufmg.br\/cenex\/wp-json\/wp\/v2\/types\/page"}],"author":[{"embeddable":true,"href":"https:\/\/www.icex.ufmg.br\/cenex\/wp-json\/wp\/v2\/users\/1"}],"replies":[{"embeddable":true,"href":"https:\/\/www.icex.ufmg.br\/cenex\/wp-json\/wp\/v2\/comments?post=146"}],"version-history":[{"count":8,"href":"https:\/\/www.icex.ufmg.br\/cenex\/wp-json\/wp\/v2\/pages\/146\/revisions"}],"predecessor-version":[{"id":710,"href":"https:\/\/www.icex.ufmg.br\/cenex\/wp-json\/wp\/v2\/pages\/146\/revisions\/710"}],"wp:attachment":[{"href":"https:\/\/www.icex.ufmg.br\/cenex\/wp-json\/wp\/v2\/media?parent=146"}],"curies":[{"name":"wp","href":"https:\/\/api.w.org\/{rel}","templated":true}]}}

<p class="has-ast-global-color-8-color has-text-color has-link-color wp-elements-aa841e0c066455737fbfb2018df262c6">O Centro de Extensão do Instituto de Ciências Exatas (CENEX-ICEx) é um órgão colegiado de gestão acadêmica e administrativa das atividades de extensão. Vinculado à Diretoria do Instituto, o órgão atua como um elemento articulador entre o ICEx e a Pró-Reitoria de Extensão da UFMG (<a href="https://www.ufmg.br/proex/" target="_blank" rel="noreferrer noopener">PROEX</a>).<br><br>A Extensão Universitária, sob o princípio constitucional de indissociabilidade entre ensino, pesquisa e extensão, é um processo interdisciplinar educativo, cultural, científico e político que promove a interação transformadora entre a universidade e a sociedade.&nbsp; As atividades de extensão podem ser realizadas sob a forma de programas, projetos, cursos, eventos ou prestação de serviços.<br><br>As atividades de extensão do instituto estão registradas no Sistema de Informação de Extensão (<a href="https://sistemas.ufmg.br/siex/PrincipalVisitante.do" target="_blank" rel="noreferrer noopener">SIEX</a>). Atualmente, todos os departamentos do ICEx estão envolvidos em atividades extensionistas. A participação crescente da comunidade do ICEx vem indicando um caminho promissor para a extensão dentro do Instituto, que é apoiada também através de editais da&nbsp;<a href="https://www.ufmg.br/proex/" target="_blank" rel="noreferrer noopener">PROEX&nbsp;</a>(PBEXT&nbsp; e PAIE, por exemplo) e de outros órgãos de fomento como a&nbsp;<a href="http://www.fapemig.br/pt/" target="_blank" rel="noreferrer noopener">FAPEMIG&nbsp;</a>e o&nbsp;<a href="https://www.gov.br/cnpq/pt-br" target="_blank" rel="noreferrer noopener">CNPq</a>.&nbsp;</p>



<p class="has-ast-global-color-8-color has-text-color has-link-color wp-elements-00f9c25c815a9dbf95203f5488688560"><strong>Coordenação:</strong></p>



<ul class="wp-block-list has-ast-global-color-8-color has-text-color has-link-color wp-elements-1b8b0e66cc5cfef397b794ad8f4dd41b">
<li>Prof. Adão Aparecido Sabino – Coordenador</li>



<li>Prof. Aniura Milanés Barrientos –&nbsp;Subcoordenadora</li>
</ul>



<p class="has-ast-global-color-8-color has-text-color has-link-color wp-elements-a73426af1e05d68f80caa9ac281a7bf5"><strong>Funcionário(s):</strong></p>



<ul class="wp-block-list has-ast-global-color-8-color has-text-color has-link-color wp-elements-14f6a64a48585c86d2826a33f57c14ae">
<li>Denise Gonçalves de Castro – Secretária</li>
</ul>



<p class="has-ast-global-color-8-color has-text-color has-link-color wp-elements-e2bee84f8fa17c4c241a0d6d8d2b1f19"><strong>Bolsista Proex:</strong></p>



<ul class="wp-block-list has-ast-global-color-8-color has-text-color has-link-color wp-elements-934990146c26ceb672b50966fd0db9ab">
<li>Bruna Thais Damásio</li>
</ul>



<p class="has-ast-global-color-8-color has-text-color has-link-color wp-elements-032d7b59422d4e870a2895aa44fa1b25"><strong>Contato:</strong></p>



<ul class="wp-block-list has-ast-global-color-8-color has-text-color has-link-color wp-elements-b9686b490d6edb2db99a9f7f1bb03e13">
<li>Email:&nbsp;<a href="mailto:cenex@icex.ufmg.br">cenex@icex.ufmg.br</a></li>
</ul>



<p class="has-ast-global-color-8-color has-text-color has-link-color wp-elements-552df5c7a194373aaaa1d04a12fe9fdf"><strong>Sala:&nbsp;</strong>2001</p>



<p class="has-ast-global-color-8-color has-text-color has-link-color wp-elements-d70e9d593665029ee8d5e57bdfd1d8d0"><strong>Horário:</strong> 14h às 22h.</p>



<p class="has-black-color has-text-color has-link-color wp-elements-b7dba84d2f0fad74e0ff7c09d4b0143b"><strong>Ramal:</strong> 4984</p>



<p></p>

<p>O Centro de Extensão do Instituto de Ciências Exatas (CENEX-ICEx) é um órgão colegiado de gestão acadêmica e administrativa das [&hellip;]</p>

O Centro de Extensão do Instituto de Ciências Exatas (CENEX-ICEx) é um órgão colegiado de gestão acadêmica e administrativa das [&hellip;]
